uppose 0 = 2*u - 0*o + 3*o + 34, 0 = 4*u - o + 96. Let g = -3 - u. Calculate the highest common divisor of g and v.
20
Suppose 16*g + 99367 = 100039. Let m be (-9 + 6)*(-1)/(-3). Let c be 6/(-9)*(-41 + m). What is the greatest common factor of c and g?
14
Let p be -8 + (-228)/(-36) + 2300/12. What is the highest common factor of p and 342?
38
Let r be (0 - 1)/(16832/(-5600) + (-6)/(-2)). Calculate the highest common divisor of 14 and r.
7
Let f(n) = -3*n + 2*n**3 + 49*n**2 - 10 - 8*n**3 - 52*n**2. Let h be f(-4). Let v = h + -74. What is the greatest common divisor of v and 12?
12
Suppose -24 = -h - 22. Suppose -736 = -8*c + 4*c + 2*m, h*c = 2*m + 366. Let d = 44 - 7. Calculate the greatest common divisor of c and d.
37
Let h be (-960)/(-48)*4/1. Let x = 19 + -17. Let d(c) = 2*c**3 + c**2 - c + 2. Let i be d(x). What is the highest common divisor of i and h?
20
Let s be 8/4*209/22. Suppose s = 18*k - 35. What is the greatest common factor of k and 81?
3
Let o = 5860 + -544. Calculate the highest common factor of 24 and o.
12
Let j be (-4)/6 - (-8 + (-10328)/12). What is the greatest common factor of j and 42?
14
Let i(r) be the first derivative of r**3/3 - 3*r**2/2 + 112*r + 20. Suppose 5*w = w. Let f be i(w). Calculate the greatest common divisor of 7 and f.
7
Let d be (-8)/18 - 3551/(-477). Calculate the greatest common factor of d and 413.
7
Let a(b) = -42 + 42 + 12*b**2 + 2*b. Let n = -67 + 66. Let q be a(n). What is the highest common factor of q and 80?
10
Suppose 25 = -5*n, -2*d + n = -5*d - 1880. Let o = d + 787. What is the greatest common divisor of 6 and o?
6
Let p(w) = -4*w**2 - 22*w - 1. Let a be p(-5). Let j be (-3)/a + 2 + 100/3. Calculate the highest common divisor of 10 and j.
5
Let x(s) = 34*s + 3654. Let i be x(28). Calculate the greatest common divisor of 141 and i.
47
Suppose -2*j + 4098 = -n, 5*j - 2*n = 12100 - 1852. What is the highest common factor of j and 864?
108
Let v(f) = f**3 - 86*f**2 + 251*f - 20983. Let r be v(86). Suppose 0*o + 335 = 5*o. Calculate the highest common divisor of o and r.
67
Let p be 667202/16 + 159/8 + -374 + 354. What is the highest common factor of p and 150?
150
Suppose -184*y + 183*y = -5*z + 15, 5*z + 3*y - 15 = 0. Let r = -133 + 352. Calculate the highest common divisor of r and z.
3
Suppose 497*q - 580862 + 221665 = 691958. What is the highest common divisor of q and 360?
45
Let c = -9542 + 12798. Calculate the highest common divisor of c and 77.
11
Suppose 31*y = -30 + 247. Suppose 5262 - 2028 = y*q. What is the highest common factor of q and 28?
14
Let q(f) = -366*f - 450. Let a be q(-16). Calculate the highest common divisor of 17 and a.
17
Suppose 0 = 3*r - 14*c + 11*c - 87, 3*r - 5*c = 93. What is the highest common divisor of 4420 and r?
26
Let u(w) = -4*w**3 + 2*w**2 + 2*w. Let q be u(-1). Suppose -3*b + 45 = -5*n, q*b + 34 = 8*b + 2*n. What is the greatest common factor of 4 and b?
2
Let x be 46 - 42 - (-12791 + -3). What is the highest common divisor of 158 and x?
158
Let d = 829 - 734. What is the highest common divisor of 85 and d?
5
Let q(a) = -a**2 + 45*a + 260. Let h be q(50). What is the highest common divisor of h and 1415?
5
Let u be 2/(-1) - -4 - -1. Suppose 4*b - u*j + 86 = -42, -b - 55 = 5*j. Let g be (-1160)/b - (-1)/(-28)*4. Calculate the greatest common divisor of 3 and g.
3
Let s = 1745 - 1738. What is the highest common divisor of s and 2051?
7
Suppose 7*w + 162 = 834. Suppose -w*f - 220 = -101*f. Calculate the highest common divisor of 1452 and f.
44
Suppose -6*q + 7*q - 13 = 0. Let h(u) = -u**3 + 11*u**2 + 25*u + 19. Let w be h(q). What is the greatest common factor of 162 and w?
6
Let a be 12/7 - 2162/(-658). Calculate the greatest common factor of a and 29.
1
Let u = -15671 - -15743. Calculate the highest common factor of u and 4248.
72
Let t = -19 + 24. Let p(k) = 11*k + 5. Let l be p(t). Let m be (-1)/(145/75 + -2). Calculate the greatest common divisor of l and m.
15
Suppose h + 2*j = -2*j + 30, 5*h - 4*j - 30 = 0. Suppose 2*o + h = -4. Let c(w) = -4*w - 20. Let x be c(o). What is the highest common factor of x and 12?
4
Suppose -7212 = -4*k - 3*t, -2*k - 2*t - 2*t = -3596. What is the greatest common factor of 172 and k?
86
Let u = 8 - 2. Suppose 461 - 137 = u*g. What is the highest common factor of g and 864?
54
Suppose 402 = 45*l + 89*l. What is the highest common divisor of l and 22?
1
Suppose -6*h + 562 = 136. Let k = h + -66. Suppose -k*x = 5*y - 670, 3*x + 2*x = 5. What is the greatest common factor of 19 and y?
19
Let l = -2322 - -2424. What is the greatest common factor of l and 2176?
34
Let k(m) = -197*m - 2. Let f be k(-3). Let z = 333 - f. Let v = 400 + z. Calculate the highest common factor of v and 9.
9
Suppose -2*z + 216 = 4*h, z - 59 + 51 = 0. Calculate the greatest common factor of h and 15550.
50
Let i(g) = 3*g**3 - 19*g**2 + 9*g - 9. Let k be i(6). Suppose k + 11 = 4*s, 3*d + 5*s - 49 = 0. Calculate the highest common divisor of 20 and d.
4
Let q = 21 - 12. Let y(j) = -j + 157. Let u be y(13). Suppose -3*g + 103 + 113 = w, -2*w + u = 2*g. Calculate the greatest common factor of g and q.
9
Suppose 0 = 4*o + n - 870, 0*o + 3*n = 2*o - 442. What is the highest common factor of o and 58?
2
Let k = 635 + 28. Suppose 123 = 3*p - 3*r, r = -20*p + 15*p + 193. Calculate the greatest common divisor of k and p.
39
Suppose -3*b + 122 = -s - 32, -5*s - 270 = -5*b. Let n be 460 - (-6 + (-3 - 114/(-6))). Calculate the highest common factor of b and n.
50
Let f(k) = k**2 - 20*k - 63. Let v be f(23). Let r = 424 - 119. Let g be (-3 - 20/(-6)) + r/3. Calculate the greatest common factor of v and g.
6
Let c = 243 - 239. Suppose -2*g = -5*q - 6*g + 154, c = 4*g. What is the highest common factor of q and 590?
10
Let j = 77 - 61. Let h be 770/16 - 2*1/j. Suppose -8*m + 53 = 21. What is the highest common factor of h and m?
4
Let q(f) = 4*f + 8. Let j be q(6). Suppose 21*s = -4110 + 29058. Let r = s - 836. What is the highest common factor of r and j?
32
Suppose -28*q + 1356 = -3666 - 858. Calculate the highest common divisor of 1330 and q.
70
Let w be 4/14 - (-7 + (-8628)/84). What is the greatest common divisor of 4070 and w?
110
Let d(v) = 109*v**2 + 2*v + 2. Let y be d(-1). Suppose -l - 28 + y = 0. What is the greatest common divisor of l and 54?
27
Suppose 2 = -4*z + 18, 0 = -4*t - z + 4036. Suppose 16*n - 704 = t. Suppose 2*i + n = x + 4*i, -i - 491 = -5*x. What is the greatest common factor of 9 and x?
9
Suppose -144 = 3*a - 9*a. Suppose a*x - 23 - 25 = 0. Suppose -24 = -2*t - t. Calculate the greatest common divisor of x and t.
2
Let d(z) = -z + 10. Let t be d(0). Suppose -5*a - 218 = 2*n - a, t = -2*a. Let j be (-6)/(-33) - 1368/n. Calculate the highest common factor of j and 112.
14
Let k = 58 + 18. Let c = 17608 - 17604. What is the greatest common factor of c and k?
4
Let b(n) = -339*n**3 - 4*n**2 - 22*n - 21. Let k be b(-1). Calculate the greatest common divisor of 96 and k.
48
Let h(u) be the second derivative of 8*u**3/3 - 25*u**2/2 - 6*u + 1. Let j be h(2). Let k = 44 - -5. What is the highest common divisor of j and k?
7
Let x be 52/(3/60*8). What is the greatest common factor of 6370 and x?
130
Let r(h) be the second derivative of -7*h**3/3 + 50*h**2 - 18*h - 6. Let y be r(5). Calculate the greatest common factor of 45 and y.
15
Suppose -d + 1321 = 4*x, 606*x + d = 607*x - 324. Calculate the highest common divisor of 2444 and x.
47
Let g = 132 + 12. Let a(l) = 6*l**3 - 6*l**2 - 26*l + 24. Let u be a(3). Calculate the greatest common divisor of u and g.
18
Suppose 25*p + 3*p - 66 - 270 = 0. What is the greatest common factor of p and 831?
3
Suppose -5*k - 2*z = 0, -5*k + k + z = 13. Let n = 6 - k. Let c = 481 - 461. What is the greatest common divisor of n and c?
4
Suppose 6*o + 16 - 28 = 0. Suppose 5*p - 204 = 3*g - 2*g, 2*p - o*g = 88. Calculate the greatest common factor of 70 and p.
10
Suppose -3*r - 4*k = -35, 8*k = 3*k + 25. Suppose -r*g - 29 = -9. Let d be (-42)/(-9) + g + (-444)/(-9). What is the highest common divisor of 75 and d?
25
Suppose -3*z + 41 = -31. Let g(r) = -r**3 + 7*r**2 - 30*r + 78. Let k be g(3). What is the highest common factor of k and z?
24
Let n(p) = p + 23. Let r be n(-14). Let b be (-218)/4 + r/18. Let g =